. Let j = n - 37. Let c(b) = 2*b + 6. Let u be c(7). What is the greatest common divisor of j and u?
10
Let z be (3/(6*-1))/(1/4). Let f be (178/(-6))/(-1) - z/6. What is the highest common factor of f and 12?
6
Let h = 150 - 17. Calculate the greatest common factor of h and 57.
19
Let a(j) = -3*j**2 + 38*j - 46. Let p be a(11). Calculate the highest common factor of 1773 and p.
9
Let z(a) = -6*a + 16. Let p be z(8). Let g = 40 + p. What is the greatest common factor of 4 and g?
4
Let t(q) = -q**2 + 9*q - 5. Let a be t(8). Suppose 2*v - 5 = -a*v. Calculate the highest common factor of v and 7.
1
Let t = -81 + 137. Let v be ((-65)/15 - 4)*-3. Let q = -17 + v. Calculate the highest common factor of t and q.
8
Let w be 3/(-4) - 10359/(-36). Calculate the greatest common factor of w and 28.
7
Let q(f) = 7*f + 3. Suppose 10 + 5 = 5*n. Let h be q(n). Let v = h + -14. What is the greatest common factor of 30 and v?
10
Let s(h) = h**3 + 38*h**2 + 60*h + 44. Let q be s(-34). Calculate the greatest common factor of 36 and q.
36
Let r = -130 - -161. Let m(u) = 42*u**3 + 3*u - 1. Let n be m(2). What is the highest common factor of r and n?
31
Let z = -2182 - -2737. Calculate the highest common divisor of z and 60.
15
Suppose 5*r = 1 + 19. Suppose -4*d + 32 = -r*p - 2*d, p + 2 = 2*d. Let y = 25 + p. What is the highest common factor of y and 165?
15
Let t(q) = -4*q + 48. Let y be t(-16). What is the greatest common divisor of y and 868?
28
Let j be -10*2/(-4 + 0). Let g(n) = n**2 - 286*n - 3262. Let d be g(-11). What is the greatest common factor of d and j?
5
Let t = -173 - -178. Let q be ((-13)/(-2))/(1/2). Let r = q + 22. Calculate the highest common factor of t and r.
5
Suppose -q + 9 = -23. Suppose -425*d + 428*d - 2*g = 246, 0 = -d + 2*g + 86. Calculate the greatest common divisor of q and d.
16
Let h(s) = s**3 + 12*s**2 - 6*s + 6. Let n be h(-12). Suppose -5*x + n = 3. Suppose -6 = -p + 9. Calculate the highest common divisor of x and p.
15
Suppose 8*i = -0*i - i. Suppose i = 2*b + 3*f - 7*f - 18, -3*f + 110 = 5*b. Calculate the greatest common divisor of 114 and b.
19
Let c(k) = -k**2 + 4. Let f be c(0). Suppose 0*y + v + 40 = y, 4*v = y - 28. What is the highest common divisor of f and y?
4
Let s = 635 + -623. What is the highest common divisor of s and 148?
4
Let a = -52 + 58. Let f be ((-1)/3)/((-1)/a). Calculate the highest common factor of 12 and f.
2
Suppose 0 = 4*m - 0*j + 4*j - 804, 2*j - 602 = -3*m. Suppose 5*h + 41 - 151 = 3*v, 30 = h + v. Calculate the greatest common divisor of m and h.
25
Let c be 0 + 0 + (-302)/(-2). Let h = c + -101. Let f(s) = s**2 + 20*s + 111. Let n be f(-13). What is the greatest common divisor of n and h?
10
Let m be 3*8/(24/27) + 1. What is the highest common divisor of m and 8?
4
Suppose -8*m = -6*m + 56. Let n = -17 - m. What is the highest common factor of 11 and n?
11
Let h = -29 + 28. Let d be 210/(2 - -1) + h. Let m = d - 41. What is the highest common factor of m and 252?
28
Suppose -5*x - 548 = -2388. Suppose 3*k = -2*q + 510, 2*k + 2*k - 684 = -4*q. Let j = x - k. Calculate the highest common factor of 25 and j.
25
Suppose 3*s = 7*s + 16. Let m be 15/(-10) + (-38)/s. Let c = 103 - 95. Calculate the greatest common divisor of m and c.
8
Let r be (-40)/50 - 21/5. Let z = r + 50. What is the highest common factor of z and 5?
5
Let m be (-3 - 0) + 5 - 1 - 1. Suppose -3*k + 1 + 38 = m. Calculate the highest common divisor of k and 130.
13
Let x be (170 - -1)/(-73 - -74). Calculate the greatest common divisor of x and 361.
19
Suppose -2*n + 232 = 4*k - 0*n, k - n - 52 = 0. What is the greatest common divisor of 7 and k?
7
Let x be 1*2 - (-1)/1. Suppose 4*c - 3*u + u - 28 = 0, 2*c = -x*u - 2. Let n(p) = -2*p + 2. Let v be n(0). Calculate the greatest common divisor of c and v.
1
Let v = -117 - -76. Let d = -22 - v. Calculate the highest common factor of 19 and d.
19
Suppose -2*t = -7*t - 5*f - 30, -2*t - 3*f = 9. Let c = 14 + t. Suppose g + 48 = c*g. What is the greatest common factor of g and 24?
12
Let b(n) = n**2 - 2*n - 5. Let v be b(3). Let j be 2 + 5 + v - -4. What is the greatest common factor of 45 and j?
9
Let b(r) = 67*r + 173. Let u be b(6). Calculate the highest common factor of 75 and u.
25
Let t be (-6 - (-6 - -372))/((-12)/8). What is the greatest common divisor of 186 and t?
62
Suppose 4*p + 64 = 4*c, c - 35 = p + p. Let d = p + 34. Calculate the highest common factor of d and 120.
15
Let q be ((-12)/33)/(35/(-385)). What is the highest common factor of q and 20?
4
Let b be (-2)/9 - (-636)/(-54). Let n(c) = -c**2 - 13*c - 7. Let a be n(b). Suppose 69 = a*l - 246. Calculate the greatest common factor of 7 and l.
7
Suppose 2*v = -2*v. Suppose v = 4*x - 5*s - 5, -2*x - 3*s - 3 = -3*x. Suppose x = 2*h + 2*h - 64. Calculate the highest common divisor of 64 and h.
16
Let r(s) = -s**3 - 11*s**2 + 77*s + 30. Let f be r(-16). What is the greatest common divisor of f and 351?
39
Let m = 1175 + -461. Calculate the highest common divisor of 21 and m.
21
Let f be 33/30*-42*(0 - -5). Let h = -108 - f. Calculate the greatest common factor of h and 82.
41
Let k = -121 - -173. Suppose 2*v = 2*l + 40, -5*l - 3*v - 34 - 42 = 0. Let x = 9 - l. Calculate the greatest common divisor of x and k.
26
Suppose 4 + 8 = -3*a. Let p(q) = -q**3 - 4*q**2 - 3*q + 3. Let b be p(a). What is the greatest common factor of b and 45?
15
Let y = 236 - 200. What is the highest common divisor of y and 180?
36
Suppose 3*c - o - 13 = 39, c - 4*o = 21. What is the greatest common factor of 119 and c?
17
Suppose -16*i + 5485 = 2493. Let n be 17/2*(2 + 0). What is the greatest common factor of n and i?
17
Suppose -4*h + 150 = 2*f - f, -4*h - 300 = -2*f. Calculate the highest common divisor of 60 and f.
30
Let f be (4/3)/((-2)/3). Let i be (f + -2)/((-3)/87). Calculate the highest common factor of i and 29.
29
Suppose -2*d + 3*v = -6, 4*d + 7*v = 4*v - 24. Let k be -4 + 28 + d + -4. Calculate the highest common factor of 119 and k.
17
Let s be (-12)/5*10/3. Let c = s + 85. Let r = -11 - -22. What is the highest common factor of r and c?
11
Let s = 30 - -28. Let y = 66 - s. What is the greatest common factor of 1 and y?
1
Suppose 20 = 4*w + 3*o + o, 2*w + 4*o = 0. Suppose w*s - 233 - 157 = 0. What is the greatest common divisor of 13 and s?
13
Let t = -1116 - -1237. What is the greatest common factor of t and 143?
11
Suppose 0 = -y - 3, -f + 18 = -0*y + 5*y. Suppose -l = -0*l - f. Suppose -30*s + 580 = -80. What is the greatest common factor of s and l?
11
Let j(h) = -7*h + 2. Let o be j(-1). Suppose 4*m + 11 + o = 0. Let x be 22/2 + (-5 - m). Calculate the greatest common divisor of 44 and x.
11
Let a be 101/3 - 3/(-9). Suppose 31*j - 20*j = 19*j - 272. Calculate the greatest common factor of j and a.
34
Let n = 8 - 4. Suppose n*x + 25 = 3*y, -y = -4*x + 8*x - 19. Suppose 2*r - 14 = 8. Calculate the highest common factor of y and r.
11
Let f = -5 + 9. Suppose 0*k + 4*k = -f*o + 60, 5*o + 2 = 2*k. Let r = 97 - -2. Calculate the greatest common divisor of k and r.
11
Suppose -4*f = -w - 8 - 2, 4*w - 3*f + 1 = 0. Suppose 0 = -w*k + 3*k - 9. Calculate the highest common factor of k and 81.
9
Suppose -3*p + 10 = 2*p. Suppose 3*c = -n - 49 + 264, 0 = c + p*n - 80. Suppose -5*l - 5*l + 100 = 0. What is the highest common divisor of c and l?
10
Let i(z) = -16*z. Let f be i(-3). Suppose 2*b = -4*d, 0 = b - 2*d + 6*d + 2. Suppose b*u - 192 = -4*u. Calculate the highest common divisor of u and f.
16
Let a be -2*(-1 - 3 - -3). Let o be 85/a - (-1)/(-2). Suppose 0 = 5*g - 4*v - 105, -v = -2*g - 2*v + o. Calculate the greatest common divisor of 42 and g.
21
Let w(j) = 18*j + 135. Let c be w(6). What is the highest common factor of 9 and c?
9
Suppose -29 = 4*t - 173. Suppose 7*q - 2*q - 5*p - 265 = 0, 0 = q + 4*p - 58. Calculate the greatest common divisor of q and t.
18
Suppose -4*w - 241 = -4*g - w, -5*w - 305 = -5*g. What is the highest common factor of 232 and g?
58
Let p(t) be the second derivative of t**4/3 - t**3/3 - 2*t. Let n be p(2). Let v = 113 + -65. What is the greatest common factor of v and n?
12
Let g = -8 + 2. Let h = 11 + g. Suppose 0 = -w + 5*r - 18, 2*w = h*r - 11 - 0. Calculate the highest common divisor of 28 and w.
7
Let o be (